{"id":7,"date":"2022-11-10T10:02:17","date_gmt":"2022-11-10T10:02:17","guid":{"rendered":"https:\/\/www.congressosicvgis.it\/?page_id=7"},"modified":"2023-11-08T11:45:30","modified_gmt":"2023-11-08T10:45:30","slug":"benvenuto","status":"publish","type":"page","link":"https:\/\/www.congressosicvgis.it\/","title":{"rendered":"<!-- Home -->"},"content":{"rendered":"<p>Nei giorni 9-11 maggio 2024 si terr\u00e0 a Roma presso l\u2019 A Roma Lifestyle Hotel il 45\u00b0 Congresso Nazionale della Societ\u00e0 Italiana\u00a0 di Chirurgia Vertebrale e Gruppo Italiano Scoliosi.<\/p>\n<p>L\u2019evoluzione scientifica e tecnologica impongono continue riflessioni sui trattamenti efficaci, sui dispositivi\u00a0 impiantabili e sulle corrette indicazioni.\u00a0 La rigenerazione dei tessuti, la proposta di protesi bioniche e di impianti neurali solo oggi iniziano a traslare\u00a0 nelle applicazioni cliniche utili per la degenerazione artrosica, le neoplasie spinali e le lesioni midollari .<\/p>\n<p>Oggi la ricerca, le sale operatorie e le risorse umane dedicate richiedono cura e investimenti crescenti, ponendo in primo piano il tema della sostenibilit\u00e0 e dell\u2019appropriatezza delle cure. Torna quindi necessario riflettere su quali linee di ricerca privilegiare, su quali interventi abbiano un livello adeguato di efficacia, riservandoli ai casi con ragionevole prospettiva di miglioramento.<\/p>\n<p>Ritrovarsi a discutere di questi temi e provare ad immaginare il futuro; \u00e8 questo il nostro impegno formativo e applicativo di specialisti della colonna. L\u2019idea dei nostri padri fondatori fu geniale: gli ortopedici conoscono bene le vertebre e la biomeccanica, i neurochirurghi sono abituati a manipolare ci\u00f2 che c\u2019\u00e8 dentro la colonna; uniamoli e vediamo se la somma \u00e8 migliore delle due unit\u00e0. Ed \u00e8 proprio l\u2019impegno formativo della Societ\u00e0 che ha reso possibile \u2013 per la prima volta in Italia \u2013 la realizzazione di un Master di 2\u00b0 Livello che vede affiancati ortopedici e neurochirurghi.<\/p>\n<p>Lo stesso formato del Congresso testimonia l\u2019orientamento innovativo: la sintesi tra la chirurgia vertebrale di Catania e la neurochirurgia di Roma simboleggiata gi\u00e0 nel logo in un\u2019ottica di razionalizzazione, gli interventi degli specializzandi e dei ricercatori pi\u00f9 giovani in plenaria e \u2013 non ultimo \u2013 la Presidenza Onoraria del Congresso ai prof. Denaro e Delfini, testimoni di conoscenza e di innovazione ortopedica e neurochirurgica.<\/p>\n<p>Uno degli obiettivi sar\u00e0 l\u2019apertura alle esperienze di colleghi italiani e stranieri di differente formazione, orientati ad analoghi tipi di ricerche nel campo degli stili di vita, del trattamento delle fratture porotiche,\u00a0 dei monitoraggi, dei tumori spinali, della rigenerazione tissutale, e delle nuove prospettive nel trattamento delle lesioni spinali.<\/p>\n<p><em>Bentornati a Roma.<\/em><\/p>\n<table style=\"border-collapse: collapse; width: 100%;\">\n<tbody>\n<tr>\n<td style=\"width: 50%; vertical-align: bottom;\">\n<p><img loading=\"lazy\" decoding=\"async\" class=\"alignnone  wp-image-620\" src=\"https:\/\/www.congressosicvgis.it\/wp-content\/uploads\/2023\/10\/Gulino-150x150.jpg\" alt=\"\" width=\"150\" height=\"150\" \/><\/p>\n<p><em>Gaetano Gulino<\/em><\/p>\n<\/td>\n<td style=\"width: 50%;\">\n<p><img loading=\"lazy\" decoding=\"async\" class=\"alignnone  wp-image-635\" src=\"https:\/\/www.congressosicvgis.it\/wp-content\/uploads\/2023\/11\/Delitala1-241x300.jpg\" alt=\"\" width=\"123\" height=\"153\" srcset=\"https:\/\/www.congressosicvgis.it\/wp-content\/uploads\/2023\/11\/Delitala1-241x300.jpg 241w, https:\/\/www.congressosicvgis.it\/wp-content\/uploads\/2023\/11\/Delitala1-824x1024.jpg 824w, https:\/\/www.congressosicvgis.it\/wp-content\/uploads\/2023\/11\/Delitala1-768x955.jpg 768w, https:\/\/www.congressosicvgis.it\/wp-content\/uploads\/2023\/11\/Delitala1-1235x1536.jpg 1235w, https:\/\/www.congressosicvgis.it\/wp-content\/uploads\/2023\/11\/Delitala1-1647x2048.jpg 1647w, https:\/\/www.congressosicvgis.it\/wp-content\/uploads\/2023\/11\/Delitala1.jpg 1808w\" sizes=\"(max-width: 123px) 100vw, 123px\" \/><\/p>\n<p><em>Alberto Delitala<\/em><\/p>\n<\/td>\n<\/tr>\n<\/tbody>\n<\/table>\n<p>&nbsp;<\/p>\n","protected":false},"excerpt":{"rendered":"<p>Nei giorni 9-11 maggio 2024 si terr\u00e0 a Roma presso l\u2019 A Roma Lifestyle Hotel il 45\u00b0 Congresso Nazionale della Societ\u00e0 Italiana\u00a0 di Chirurgia Vertebrale e Gruppo Italiano Scoliosi. L\u2019evoluzione scientifica e tecnologica impongono continue riflessioni sui trattamenti efficaci, sui dispositivi\u00a0 impiantabili e sulle corrette indicazioni.\u00a0 La rigenerazione dei tessuti, la proposta di protesi bioniche &hellip; <\/p>\n<p><a class=\"more-link btn\" href=\"https:\/\/www.congressosicvgis.it\/\">Continue reading<\/a><\/p>\n","protected":false},"author":1,"featured_media":0,"parent":0,"menu_order":0,"comment_status":"closed","ping_status":"closed","template":"","meta":{"footnotes":""},"_links":{"self":[{"href":"https:\/\/www.congressosicvgis.it\/wp-json\/wp\/v2\/pages\/7"}],"collection":[{"href":"https:\/\/www.congressosicvgis.it\/wp-json\/wp\/v2\/pages"}],"about":[{"href":"https:\/\/www.congressosicvgis.it\/wp-json\/wp\/v2\/types\/page"}],"author":[{"embeddable":true,"href":"https:\/\/www.congressosicvgis.it\/wp-json\/wp\/v2\/users\/1"}],"replies":[{"embeddable":true,"href":"https:\/\/www.congressosicvgis.it\/wp-json\/wp\/v2\/comments?post=7"}],"version-history":[{"count":33,"href":"https:\/\/www.congressosicvgis.it\/wp-json\/wp\/v2\/pages\/7\/revisions"}],"predecessor-version":[{"id":636,"href":"https:\/\/www.congressosicvgis.it\/wp-json\/wp\/v2\/pages\/7\/revisions\/636"}],"wp:attachment":[{"href":"https:\/\/www.congressosicvgis.it\/wp-json\/wp\/v2\/media?parent=7"}],"curies":[{"name":"wp","href":"https:\/\/api.w.org\/{rel}","templated":true}]}}